{"id":258,"date":"2014-09-12T15:12:54","date_gmt":"2014-09-12T15:12:54","guid":{"rendered":"https:\/\/elfogoncal.com.uy\/web\/?page_id=258"},"modified":"2021-04-22T12:09:14","modified_gmt":"2021-04-22T12:09:14","slug":"actividades","status":"publish","type":"page","link":"https:\/\/elfogoncal.com.uy\/web\/?page_id=258","title":{"rendered":"Actividades"},"content":{"rendered":"\t\t<div data-elementor-type=\"wp-page\" data-elementor-id=\"258\" class=\"elementor elementor-258\" data-elementor-settings=\"[]\">\n\t\t\t\t\t\t<div class=\"elementor-inner\">\n\t\t\t\t\t\t\t<div class=\"elementor-section-wrap\">\n\t\t\t\t\t\t\t<section class=\"elementor-section elementor-top-section elementor-element elementor-element-3ac5a003 elementor-section-boxed elementor-section-height-default elementor-section-height-default\" data-id=\"3ac5a003\" data-element_type=\"section\">\n\t\t\t\t\t\t<div class=\"elementor-container elementor-column-gap-default\">\n\t\t\t\t\t\t\t<div class=\"elementor-row\">\n\t\t\t\t\t<div class=\"elementor-column elementor-col-50 elementor-top-column elementor-element elementor-element-73c9439b\" data-id=\"73c9439b\" data-element_type=\"column\">\n\t\t\t<div class=\"elementor-column-wrap elementor-element-populated\">\n\t\t\t\t\t\t\t<div class=\"elementor-widget-wrap\">\n\t\t\t\t\t\t<div class=\"elementor-element elementor-element-70769236 elementor-invisible elementor-widget elementor-widget-text-editor\" data-id=\"70769236\" data-element_type=\"widget\" data-settings=\"{&quot;_animation&quot;:&quot;zoomInDown&quot;}\" data-widget_type=\"text-editor.default\">\n\t\t\t\t<div class=\"elementor-widget-container\">\n\t\t\t\t\t<div class=\"elementor-text-editor elementor-clearfix\"><h4><strong>S\u00e1bado a la tarde<\/strong><\/h4>\n<ul>\n \t<li>Feria Artesanal<\/li>\n \t<li>Concurso de Asadores<\/li>\n \t<li>Demostraciones Gastron\u00f3micas<\/li>\n \t<li>Competencia de Destrezas<\/li>\n \t<li>Actividades para J\u00f3venes<\/li>\n \t<li>Espacio Infantil<\/li>\n \t<li>Desfile de Prendas de Lana<\/li>\n \t<li>Espect\u00e1culos Varios<\/li>\n \t<li>M\u00fasica en Vivo<\/li>\n \t<li>Plaza de comidas y bebidas<\/li>\n<\/ul>\n<h4><strong>Domingo todo el d\u00eda<\/strong><\/h4>\n<ul>\n \t<li>Misa Criolla<\/li>\n \t<li>Concurso de Coderos en pie<\/li>\n \t<li>Concurso de Asadores<\/li>\n \t<li>Concurso de Esquila<\/li>\n \t<li>Parque Tecnol\u00f3gico Ovino<\/li>\n \t<li>M\u00fasica en Vivo<\/li>\n \t<li>Demostraciones de cortes ovinos<\/li>\n \t<li>Demostraciones y\u00a0de-gustaciones\u00a0de comidas<\/li>\n \t<li>Demostraci\u00f3n de perros de trabajo<\/li>\n \t<li>Plaza de comidas y bebidas<\/li>\n \t<li>Feria Artesanal<\/li>\n \t<li style=\"text-align: left;\">Espect\u00e1culos Musicales<\/li>\n<\/ul>\n<\/div>\n\t\t\t\t<\/div>\n\t\t\t\t<\/div>\n\t\t\t\t\t\t<\/div>\n\t\t\t\t\t<\/div>\n\t\t<\/div>\n\t\t\t\t<div class=\"elementor-column elementor-col-50 elementor-top-column elementor-element elementor-element-4738688\" data-id=\"4738688\" data-element_type=\"column\">\n\t\t\t<div class=\"elementor-column-wrap elementor-element-populated\">\n\t\t\t\t\t\t\t<div class=\"elementor-widget-wrap\">\n\t\t\t\t\t\t<div class=\"elementor-element elementor-element-3f243b2 elementor-widget elementor-widget-image\" data-id=\"3f243b2\" data-element_type=\"widget\" data-widget_type=\"image.default\">\n\t\t\t\t<div class=\"elementor-widget-container\">\n\t\t\t\t\t<div class=\"elementor-image\">\n\t\t\t\t\t\t\t\t\t\t\t<a href=\"https:\/\/elfogoncal.com.uy\/web\/wp-content\/uploads\/2014\/09\/22.jpg\" data-elementor-open-lightbox=\"yes\" data-elementor-lightbox-title=\"2\">\n\t\t\t\t\t\t\t<img loading=\"lazy\" decoding=\"async\" width=\"900\" height=\"834\" src=\"https:\/\/elfogoncal.com.uy\/web\/wp-content\/uploads\/2014\/09\/22.jpg\" class=\"attachment-large size-large\" alt=\"\" srcset=\"https:\/\/elfogoncal.com.uy\/web\/wp-content\/uploads\/2014\/09\/22.jpg 900w, https:\/\/elfogoncal.com.uy\/web\/wp-content\/uploads\/2014\/09\/22-323x300.jpg 323w\" sizes=\"auto, (max-width: 900px) 100vw, 900px\" \/>\t\t\t\t\t\t\t\t<\/a>\n\t\t\t\t\t\t\t\t\t\t\t<\/div>\n\t\t\t\t<\/div>\n\t\t\t\t<\/div>\n\t\t\t\t\t\t<\/div>\n\t\t\t\t\t<\/div>\n\t\t<\/div>\n\t\t\t\t\t\t\t\t<\/div>\n\t\t\t\t\t<\/div>\n\t\t<\/section>\n\t\t\t\t\t\t<\/div>\n\t\t\t\t\t\t<\/div>\n\t\t\t\t\t<\/div>\n\t\t","protected":false},"excerpt":{"rendered":"<p>S\u00e1bado a la tarde Feria Artesanal Concurso de Asadores Demostraciones Gastron\u00f3micas Competencia de Destrezas Actividades para J\u00f3venes Espacio Infantil Desfile de Prendas de Lana Espect\u00e1culos Varios M\u00fasica en Vivo Plaza de comidas y bebidas Domingo todo el d\u00eda Misa Criolla Concurso de Coderos en pie Concurso de Asadores Concurso de Esquila Parque Tecnol\u00f3gico Ovino M\u00fasica [&hellip;]<\/p>\n","protected":false},"author":1,"featured_media":0,"parent":14,"menu_order":2,"comment_status":"open","ping_status":"open","template":"","meta":{"footnotes":""},"class_list":["post-258","page","type-page","status-publish","hentry"],"_links":{"self":[{"href":"https:\/\/elfogoncal.com.uy\/web\/index.php?rest_route=\/wp\/v2\/pages\/258","targetHints":{"allow":["GET"]}}],"collection":[{"href":"https:\/\/elfogoncal.com.uy\/web\/index.php?rest_route=\/wp\/v2\/pages"}],"about":[{"href":"https:\/\/elfogoncal.com.uy\/web\/index.php?rest_route=\/wp\/v2\/types\/page"}],"author":[{"embeddable":true,"href":"https:\/\/elfogoncal.com.uy\/web\/index.php?rest_route=\/wp\/v2\/users\/1"}],"replies":[{"embeddable":true,"href":"https:\/\/elfogoncal.com.uy\/web\/index.php?rest_route=%2Fwp%2Fv2%2Fcomments&post=258"}],"version-history":[{"count":32,"href":"https:\/\/elfogoncal.com.uy\/web\/index.php?rest_route=\/wp\/v2\/pages\/258\/revisions"}],"predecessor-version":[{"id":3059,"href":"https:\/\/elfogoncal.com.uy\/web\/index.php?rest_route=\/wp\/v2\/pages\/258\/revisions\/3059"}],"up":[{"embeddable":true,"href":"https:\/\/elfogoncal.com.uy\/web\/index.php?rest_route=\/wp\/v2\/pages\/14"}],"wp:attachment":[{"href":"https:\/\/elfogoncal.com.uy\/web\/index.php?rest_route=%2Fwp%2Fv2%2Fmedia&parent=258"}],"curies":[{"name":"wp","href":"https:\/\/api.w.org\/{rel}","templated":true}]}}