{"id":120,"date":"2014-08-18T19:35:25","date_gmt":"2014-08-18T19:35:25","guid":{"rendered":"https:\/\/elfogoncal.com.uy\/web\/?page_id=120"},"modified":"2021-04-21T21:54:16","modified_gmt":"2021-04-21T21:54:16","slug":"insumos","status":"publish","type":"page","link":"https:\/\/elfogoncal.com.uy\/web\/?page_id=120","title":{"rendered":"Insumos"},"content":{"rendered":"\t\t<div data-elementor-type=\"wp-page\" data-elementor-id=\"120\" class=\"elementor elementor-120\" data-elementor-settings=\"[]\">\n\t\t\t\t\t\t<div class=\"elementor-inner\">\n\t\t\t\t\t\t\t<div class=\"elementor-section-wrap\">\n\t\t\t\t\t\t\t<section class=\"elementor-section elementor-top-section elementor-element elementor-element-53533d81 elementor-section-boxed elementor-section-height-default elementor-section-height-default\" data-id=\"53533d81\" data-element_type=\"section\">\n\t\t\t\t\t\t<div class=\"elementor-container elementor-column-gap-default\">\n\t\t\t\t\t\t\t<div class=\"elementor-row\">\n\t\t\t\t\t<div class=\"elementor-column elementor-col-100 elementor-top-column elementor-element elementor-element-30dfe548\" data-id=\"30dfe548\" data-element_type=\"column\">\n\t\t\t<div class=\"elementor-column-wrap elementor-element-populated\">\n\t\t\t\t\t\t\t<div class=\"elementor-widget-wrap\">\n\t\t\t\t\t\t<div class=\"elementor-element elementor-element-48831bb9 elementor-invisible elementor-widget elementor-widget-text-editor\" data-id=\"48831bb9\" data-element_type=\"widget\" data-settings=\"{&quot;_animation&quot;:&quot;zoomInDown&quot;}\" data-widget_type=\"text-editor.default\">\n\t\t\t\t<div class=\"elementor-widget-container\">\n\t\t\t\t\t<div class=\"elementor-text-editor elementor-clearfix\"><p style=\"margin-bottom: 0.35cm;\"><img loading=\"lazy\" decoding=\"async\" class=\"alignnone wp-image-170 size-full\" src=\"https:\/\/elfogoncal.com.uy\/web\/wp-content\/uploads\/2014\/08\/61.jpg\" alt=\"6\" width=\"468\" height=\"261\" srcset=\"https:\/\/elfogoncal.com.uy\/web\/wp-content\/uploads\/2014\/08\/61.jpg 468w, https:\/\/elfogoncal.com.uy\/web\/wp-content\/uploads\/2014\/08\/61-450x250.jpg 450w\" sizes=\"auto, (max-width: 468px) 100vw, 468px\" \/><\/p>\r\n<p style=\"margin-bottom: 0.35cm;\">Pensando en brindar nuevos servicios al productor se empez\u00f3 con una fuerte pol\u00edtica de ampliaci\u00f3n de los servicios de Barraca y productos veterinarios.<b> <\/b><\/p>\r\n<p style=\"margin-bottom: 0.35cm;\"><b>Hoy <\/b><b>contamos con una completa gama de insumos agropecuarios para que los productores encuentren lo que necesitan en un solo lugar:<\/b><\/p>\r\n\r\n<ul>\r\n\t<li>\r\n<p style=\"margin-bottom: 0.35cm;\">Semillas<\/p>\r\n<\/li>\r\n\t<li>\r\n<p style=\"margin-bottom: 0.35cm;\">Fertilizantes<\/p>\r\n<\/li>\r\n\t<li>\r\n<p style=\"margin-bottom: 0.35cm;\">Agroqu\u00edmicos<\/p>\r\n<\/li>\r\n\t<li>\r\n<p style=\"margin-bottom: 0.35cm;\">Bloques proteicos<\/p>\r\n<\/li>\r\n\t<li>\r\n<p style=\"margin-bottom: 0.35cm;\">Sales minerales<\/p>\r\n<\/li>\r\n\t<li>\r\n<p style=\"margin-bottom: 0.35cm;\">Raciones<\/p>\r\n<\/li>\r\n\t<li>\r\n<p style=\"margin-bottom: 0.35cm;\">Insumos veterinarios<\/p>\r\n<\/li>\r\n\t<li>\r\n<p style=\"margin-bottom: 0.35cm;\">Herramientas<\/p>\r\n<\/li>\r\n\t<li>\r\n<p style=\"margin-bottom: 0.35cm;\">Electrificaci\u00f3n de alambrados<\/p>\r\n<\/li>\r\n\t<li>\r\n<p style=\"margin-bottom: 0.35cm;\">Alambres y postes.<\/p>\r\n<\/li>\r\n<\/ul>\r\n<p style=\"margin-bottom: 0.35cm;\">Brindamos todo el asesoramiento t\u00e9cnico \u2013 comercial para que el productor adquiera los insumos necesarios y as\u00ed maximice su producci\u00f3n y rentabilidad.\r\nAdem\u00e1s damos la posibilidad al productor de financiar los insumos que precise con su propia producci\u00f3n.<\/p>\r\n<p style=\"margin-bottom: 0.35cm;\"><strong>\r\nContacto:<\/strong><\/p>\r\n<p style=\"margin-bottom: 0.35cm;\"><strong>Tel.:<\/strong> 4367 9284 \/ 9066\r\n<strong>E Mail.:<\/strong> <a href=\"mailto:info@fogoncal.com.uy\">info@fogoncal.com.uy<\/a><\/p><\/div>\n\t\t\t\t<\/div>\n\t\t\t\t<\/div>\n\t\t\t\t\t\t<\/div>\n\t\t\t\t\t<\/div>\n\t\t<\/div>\n\t\t\t\t\t\t\t\t<\/div>\n\t\t\t\t\t<\/div>\n\t\t<\/section>\n\t\t\t\t\t\t<\/div>\n\t\t\t\t\t\t<\/div>\n\t\t\t\t\t<\/div>\n\t\t","protected":false},"excerpt":{"rendered":"<p>Pensando en brindar nuevos servicios al productor se empez\u00f3 con una fuerte pol\u00edtica de ampliaci\u00f3n de los servicios de Barraca y productos veterinarios. Hoy contamos con una completa gama de insumos agropecuarios para que los productores encuentren lo que necesitan en un solo lugar: Semillas Fertilizantes Agroqu\u00edmicos Bloques proteicos Sales minerales Raciones Insumos veterinarios Herramientas [&hellip;]<\/p>\n","protected":false},"author":1,"featured_media":0,"parent":10,"menu_order":7,"comment_status":"closed","ping_status":"open","template":"","meta":{"footnotes":""},"class_list":["post-120","page","type-page","status-publish","hentry"],"_links":{"self":[{"href":"https:\/\/elfogoncal.com.uy\/web\/index.php?rest_route=\/wp\/v2\/pages\/120","targetHints":{"allow":["GET"]}}],"collection":[{"href":"https:\/\/elfogoncal.com.uy\/web\/index.php?rest_route=\/wp\/v2\/pages"}],"about":[{"href":"https:\/\/elfogoncal.com.uy\/web\/index.php?rest_route=\/wp\/v2\/types\/page"}],"author":[{"embeddable":true,"href":"https:\/\/elfogoncal.com.uy\/web\/index.php?rest_route=\/wp\/v2\/users\/1"}],"replies":[{"embeddable":true,"href":"https:\/\/elfogoncal.com.uy\/web\/index.php?rest_route=%2Fwp%2Fv2%2Fcomments&post=120"}],"version-history":[{"count":6,"href":"https:\/\/elfogoncal.com.uy\/web\/index.php?rest_route=\/wp\/v2\/pages\/120\/revisions"}],"predecessor-version":[{"id":2987,"href":"https:\/\/elfogoncal.com.uy\/web\/index.php?rest_route=\/wp\/v2\/pages\/120\/revisions\/2987"}],"up":[{"embeddable":true,"href":"https:\/\/elfogoncal.com.uy\/web\/index.php?rest_route=\/wp\/v2\/pages\/10"}],"wp:attachment":[{"href":"https:\/\/elfogoncal.com.uy\/web\/index.php?rest_route=%2Fwp%2Fv2%2Fmedia&parent=120"}],"curies":[{"name":"wp","href":"https:\/\/api.w.org\/{rel}","templated":true}]}}