{"id":116,"date":"2014-08-18T19:34:16","date_gmt":"2014-08-18T19:34:16","guid":{"rendered":"https:\/\/elfogoncal.com.uy\/web\/?page_id=116"},"modified":"2021-04-21T21:53:29","modified_gmt":"2021-04-21T21:53:29","slug":"departamento-ganadero","status":"publish","type":"page","link":"https:\/\/elfogoncal.com.uy\/web\/?page_id=116","title":{"rendered":"Departamento Ganadero"},"content":{"rendered":"\t\t<div data-elementor-type=\"wp-page\" data-elementor-id=\"116\" class=\"elementor elementor-116\" data-elementor-settings=\"[]\">\n\t\t\t\t\t\t<div class=\"elementor-inner\">\n\t\t\t\t\t\t\t<div class=\"elementor-section-wrap\">\n\t\t\t\t\t\t\t<section class=\"elementor-section elementor-top-section elementor-element elementor-element-31b50d9f elementor-section-boxed elementor-section-height-default elementor-section-height-default\" data-id=\"31b50d9f\" data-element_type=\"section\">\n\t\t\t\t\t\t<div class=\"elementor-container elementor-column-gap-default\">\n\t\t\t\t\t\t\t<div class=\"elementor-row\">\n\t\t\t\t\t<div class=\"elementor-column elementor-col-100 elementor-top-column elementor-element elementor-element-3cddcbcf\" data-id=\"3cddcbcf\" data-element_type=\"column\">\n\t\t\t<div class=\"elementor-column-wrap elementor-element-populated\">\n\t\t\t\t\t\t\t<div class=\"elementor-widget-wrap\">\n\t\t\t\t\t\t<div class=\"elementor-element elementor-element-635dea28 elementor-invisible elementor-widget elementor-widget-text-editor\" data-id=\"635dea28\" data-element_type=\"widget\" data-settings=\"{&quot;_animation&quot;:&quot;zoomInDown&quot;}\" data-widget_type=\"text-editor.default\">\n\t\t\t\t<div class=\"elementor-widget-container\">\n\t\t\t\t\t<div class=\"elementor-text-editor elementor-clearfix\"><p style=\"margin-top: 0.49cm; margin-bottom: 0.49cm; line-height: 100%;\"><span style=\"font-family: Times New Roman,serif;\"><span style=\"font-size: medium;\" data-wp-editing=\"1\"><img loading=\"lazy\" decoding=\"async\" class=\"wp-image-159 size-full aligncenter\" src=\"https:\/\/elfogoncal.com.uy\/web\/wp-content\/uploads\/2014\/08\/10.jpg\" alt=\"10\" width=\"278\" height=\"348\" srcset=\"https:\/\/elfogoncal.com.uy\/web\/wp-content\/uploads\/2014\/08\/10.jpg 278w, https:\/\/elfogoncal.com.uy\/web\/wp-content\/uploads\/2014\/08\/10-239x300.jpg 239w\" sizes=\"auto, (max-width: 278px) 100vw, 278px\" \/><\/span><\/span><\/p><p style=\"margin-bottom: 0.35cm;\">A partir del 2011 hemos desarrollado nuestro departamento ganadero de manera de asegurarle al productor un negocioseguro, transparente y con precioscompetitivos.<\/p><ul><li><strong>Comercializaci\u00f3n de haciendas lanares y vacunas:<\/strong> <br \/>Negocios particulares, compra, venta y consignaciones de haciendas tanto <strong>para el campo<\/strong> (reposici\u00f3n) como para la <strong>industria frigor\u00edfica<\/strong> (directo a frigor\u00edfico).<br \/><br \/><ul><li><strong>Para el Campo:<\/strong> con la tranquilidad de estar certificados por un t\u00e9cnico de la cooperativa.<\/li><li><strong>Para la Industria Frigor\u00edfica:<\/strong> con precios competitivos y presencia de un t\u00e9cnico de la cooperativa en todas las faenas haciendo de este un negocio seguro transparente y rentable.<\/li><\/ul><\/li><\/ul><ul><li>Compra y venta de campos.<\/li><li>Asesoramiento T\u00e9cnico y Comercial (momento de venta, tendencias de precios)<\/li><\/ul><p style=\"margin-bottom: 0.35cm;\"><strong>Contacto:<\/strong><\/p><p style=\"margin-bottom: 0.35cm;\"><strong>Tec.<\/strong> <strong>Agrop.<\/strong> Mauricio Gonz\u00e1lez<br \/><strong>Tel.:<\/strong> 4367 9284\/9066 &#8211; Cel.: 099.785983<br \/><strong>Mail:<\/strong> <a href=\"mailto:dganadero@elfogoncal.com.uy\">dganadero@elfogoncal.com.uy<\/a><\/p><div class=\"notranslate\" style=\"all: initial;\">\u00a0<\/div><\/div>\n\t\t\t\t<\/div>\n\t\t\t\t<\/div>\n\t\t\t\t\t\t<\/div>\n\t\t\t\t\t<\/div>\n\t\t<\/div>\n\t\t\t\t\t\t\t\t<\/div>\n\t\t\t\t\t<\/div>\n\t\t<\/section>\n\t\t\t\t\t\t<\/div>\n\t\t\t\t\t\t<\/div>\n\t\t\t\t\t<\/div>\n\t\t","protected":false},"excerpt":{"rendered":"<p>A partir del 2011 hemos desarrollado nuestro departamento ganadero de manera de asegurarle al productor un negocioseguro, transparente y con precioscompetitivos. Comercializaci\u00f3n de haciendas lanares y vacunas: Negocios particulares, compra, venta y consignaciones de haciendas tanto para el campo (reposici\u00f3n) como para la industria frigor\u00edfica (directo a frigor\u00edfico). Para el Campo: con la tranquilidad de [&hellip;]<\/p>\n","protected":false},"author":1,"featured_media":0,"parent":10,"menu_order":5,"comment_status":"closed","ping_status":"open","template":"","meta":{"footnotes":""},"class_list":["post-116","page","type-page","status-publish","hentry"],"_links":{"self":[{"href":"https:\/\/elfogoncal.com.uy\/web\/index.php?rest_route=\/wp\/v2\/pages\/116","targetHints":{"allow":["GET"]}}],"collection":[{"href":"https:\/\/elfogoncal.com.uy\/web\/index.php?rest_route=\/wp\/v2\/pages"}],"about":[{"href":"https:\/\/elfogoncal.com.uy\/web\/index.php?rest_route=\/wp\/v2\/types\/page"}],"author":[{"embeddable":true,"href":"https:\/\/elfogoncal.com.uy\/web\/index.php?rest_route=\/wp\/v2\/users\/1"}],"replies":[{"embeddable":true,"href":"https:\/\/elfogoncal.com.uy\/web\/index.php?rest_route=%2Fwp%2Fv2%2Fcomments&post=116"}],"version-history":[{"count":16,"href":"https:\/\/elfogoncal.com.uy\/web\/index.php?rest_route=\/wp\/v2\/pages\/116\/revisions"}],"predecessor-version":[{"id":2981,"href":"https:\/\/elfogoncal.com.uy\/web\/index.php?rest_route=\/wp\/v2\/pages\/116\/revisions\/2981"}],"up":[{"embeddable":true,"href":"https:\/\/elfogoncal.com.uy\/web\/index.php?rest_route=\/wp\/v2\/pages\/10"}],"wp:attachment":[{"href":"https:\/\/elfogoncal.com.uy\/web\/index.php?rest_route=%2Fwp%2Fv2%2Fmedia&parent=116"}],"curies":[{"name":"wp","href":"https:\/\/api.w.org\/{rel}","templated":true}]}}